{"id":3307,"date":"2024-01-23T16:10:42","date_gmt":"2024-01-23T15:10:42","guid":{"rendered":"https:\/\/dev.heidelbeach.de\/?page_id=3307"},"modified":"2024-01-26T14:07:57","modified_gmt":"2024-01-26T13:07:57","slug":"heidelbeach-facts","status":"publish","type":"page","link":"https:\/\/www.heidelbeach.de\/?page_id=3307","title":{"rendered":"Heidelbeach Facts"},"content":{"rendered":"\t\t<div data-elementor-type=\"wp-page\" data-elementor-id=\"3307\" class=\"elementor elementor-3307\">\n\t\t\t\t\t\t\t<div class=\"elementor-element elementor-element-93bd5f8 e-flex e-con-boxed e-con e-parent\" data-id=\"93bd5f8\" data-element_type=\"container\" data-settings=\"{&quot;content_width&quot;:&quot;boxed&quot;}\" data-core-v316-plus=\"true\">\n\t\t\t\t\t<div class=\"e-con-inner\">\n\t\t\t\t<div class=\"elementor-element elementor-element-eed9702 elementor-widget elementor-widget-text-editor\" data-id=\"eed9702\" data-element_type=\"widget\" data-widget_type=\"text-editor.default\">\n\t\t\t\t<div class=\"elementor-widget-container\">\n\t\t\t<style>\/*! elementor - v3.18.0 - 20-12-2023 *\/\n.elementor-widget-text-editor.elementor-drop-cap-view-stacked .elementor-drop-cap{background-color:#69727d;color:#fff}.elementor-widget-text-editor.elementor-drop-cap-view-framed .elementor-drop-cap{color:#69727d;border:3px solid;background-color:transparent}.elementor-widget-text-editor:not(.elementor-drop-cap-view-default) .elementor-drop-cap{margin-top:8px}.elementor-widget-text-editor:not(.elementor-drop-cap-view-default) .elementor-drop-cap-letter{width:1em;height:1em}.elementor-widget-text-editor .elementor-drop-cap{float:left;text-align:center;line-height:1;font-size:50px}.elementor-widget-text-editor .elementor-drop-cap-letter{display:inline-block}<\/style>\t\t\t\t<p>Heidelbeach<br \/><br \/>Willkommen in ihrer Sommerlocation am Neckar \u2013 eine exklusive Location f\u00fcr unvergessliche Events! Auf 2000 Quadratmetern bieten wir Ihnen die perfekte Kulisse f\u00fcr Ihre Firmenveranstaltung, ein sommerliches Fest oder eine private Feier.<br \/><br \/>Genie\u00dfen Sie die strahlende Sonne, den feinen Sand und die idyllische N\u00e4he zum malerischen Neckar. Unsere Location ist nicht nur mietbar, sondern auch optimal f\u00fcr Events bis zu 300 Personen geeignet.<br \/><br \/><\/p><p>Tauchen Sie ein in die sommerliche Atmosph\u00e4re, umgeben von einem entspannten Ambiente. G\u00f6nnen Sie sich leckeres Essen, serviert von erstklassigen Catering-Partnern, und erfrischende, k\u00fchle Drinks, die Ihren Gaumen verw\u00f6hnen.<br \/><br \/><\/p><p>F\u00fcr alle Tanzfreudigen steht eine kleine Tanzfl\u00e4che bereit, auf der Sie und Ihre G\u00e4ste ausgelassen feiern k\u00f6nnen. Die musikalische Untermalung sorgt daf\u00fcr, dass die Stimmung bis in die sp\u00e4ten Stunden anh\u00e4lt.<br \/><br \/><\/p><p>Damit Ihre G\u00e4ste entspannt anreisen k\u00f6nnen, bieten wir kostenlose Parkpl\u00e4tze direkt vor der T\u00fcr. Auch der \u00f6ffentliche Nahverkehr ist in unmittelbarer N\u00e4he, um eine bequeme An- und Abreise zu gew\u00e4hrleisten.<br \/><br \/><\/p><p>Ob Firmenfeier, Sommerfest oder private Veranstaltung \u2013 unser Sommerlocation am Neckar ist die ideale Location f\u00fcr unvergessliche Momente unter strahlendem Himmel. Kontaktieren Sie uns jetzt, um Ihr Event zu planen und sich einen Platz in diesem einzigartigen Sommertraum zu sichern!<br \/>Willkommen in ihrer Sommerlocation am Neckar \u2013 eine exklusive Location f\u00fcr unvergessliche Events! Auf 2000 Quadratmetern bieten wir Ihnen die perfekte Kulisse f\u00fcr Ihre Firmenveranstaltung, ein sommerliches Fest oder eine private Feier.<\/p><p>Heidelbeach pr\u00e4sentiert sich als einzigartige Open-Air-Location und verspricht Events in einer entspannten Strandatmosph\u00e4re mit einem Hauch von Eleganz.<\/p><p>Key Facts:<\/p><p>Kapazit\u00e4t f\u00fcr bis zu 300 Personen: Heidelbeach ist die ideale Location f\u00fcr intime Veranstaltungen mit einer einladenden Atmosph\u00e4re. Der Strand bietet Platz f\u00fcr bis zu 300 G\u00e4ste.<\/p><p>\u00d6ffentlicher Nahverkehr: Die hervorragende Anbindung an den \u00f6ffentlichen Nahverkehr macht die Anreise bequem und unkompliziert. Heidelbeach ist leicht zu erreichen, damit Ihre G\u00e4ste ohne Stress ankommen k\u00f6nnen.<\/p><p>Kostenlose Parkpl\u00e4tze: G\u00e4ste, die mit dem Auto anreisen, profitieren von kostenlosen Parkpl\u00e4tzen direkt vor Ort. Das erm\u00f6glicht eine stressfreie An- und Abreise.<\/p><p>Mehrere Bars: Heidelbeach verf\u00fcgt \u00fcber mehrere Bars, die mit einer breiten Auswahl an Getr\u00e4nken f\u00fcr das leibliche Wohl Ihrer G\u00e4ste sorgen. Ein perfekter Ort, um den Durst zu stillen und die Veranstaltung zu genie\u00dfen.<\/p><p>Toilettenanlage vorhanden: Eine gut ausgestattete Toilettenanlage steht den G\u00e4sten zur Verf\u00fcgung, um h\u00f6chsten Komfort zu gew\u00e4hrleisten.<\/p><p>\u00a0<\/p><p>Die technische Ausstattung von Heidelbeach umfasst Stromanschl\u00fcsse von 16-63 Ampere, um die Bed\u00fcrfnisse verschiedenster Events zu erf\u00fcllen.<\/p><p>Infrastruktur Wasser Abwasser: Die durchdachte Infrastruktur beinhaltet nicht nur Stromanschl\u00fcsse, sondern auch Wasser- und Abwasseranschl\u00fcsse, um sicherzustellen, dass alle Anforderungen Ihrer Veranstaltung erf\u00fcllt werden.<\/p><p>Sandbereich, kleiner Tanzbereich: Ein Sandbereich schafft eine entspannte Strandatmosph\u00e4re, w\u00e4hrend ein kleiner Tanzbereich die M\u00f6glichkeit bietet, die Tanzfl\u00e4che zu erobern und das Event in Schwung zu bringen.<\/p><p>\u00dcberdachter Essbereich f\u00fcr bis zu 100 Personen: F\u00fcr kulinarische Highlights steht ein \u00fcberdachter Essbereich bereit, in dem bis zu 100 Personen Platz finden. Perfekt, um die Gaumen Ihrer G\u00e4ste zu verw\u00f6hnen.<\/p><p>Sonnenschirme, Liegest\u00fchle, Lounges: Sonnenschirme, Liegest\u00fchle und Lounges bieten den G\u00e4sten nicht nur Schatten und Komfort, sondern schaffen auch eine l\u00e4ssige Strandatmosph\u00e4re f\u00fcr entspannte Stunden.<\/p><p>Heidelbeach \u2013 wo der Charme des Strandes auf Veranstaltungen trifft. Kontaktieren Sie uns, um mehr \u00fcber die Mietm\u00f6glichkeiten zu erfahren und Ihr n\u00e4chstes Event in der einzigartigen Kulisse von Heidelbeach zu planen!<\/p>\t\t\t\t\t\t<\/div>\n\t\t\t\t<\/div>\n\t\t\t\t\t<\/div>\n\t\t\t\t<\/div>\n\t\t<div class=\"elementor-element elementor-element-10d2065 e-flex e-con-boxed e-con e-parent\" data-id=\"10d2065\" data-element_type=\"container\" data-settings=\"{&quot;content_width&quot;:&quot;boxed&quot;}\" data-core-v316-plus=\"true\">\n\t\t\t\t\t<div class=\"e-con-inner\">\n\t\t\t\t<div class=\"elementor-element elementor-element-89d6a86 elementor-widget elementor-widget-text-editor\" data-id=\"89d6a86\" data-element_type=\"widget\" data-widget_type=\"text-editor.default\">\n\t\t\t\t<div class=\"elementor-widget-container\">\n\t\t\t\t\t\t\t\t\t\t\t\t\t<\/div>\n\t\t\t\t<\/div>\n\t\t\t\t\t<\/div>\n\t\t\t\t<\/div>\n\t\t\t\t\t\t\t<\/div>\n\t\t","protected":false},"excerpt":{"rendered":"<p>Heidelbeach Willkommen in ihrer Sommerlocation am Neckar \u2013 eine exklusive Location f\u00fcr unvergessliche Events! Auf 2000 Quadratmetern bieten wir Ihnen&#8230; <span class=\"tst-el-more\"><a href=\"https:\/\/www.heidelbeach.de\/?page_id=3307\" class=\"tst-label tst-color tst-anima-link\">Read more<span class=\"screen-reader-text\">Read moreHeidelbeach Facts<\/span><\/a><\/span><\/p>\n","protected":false},"author":1,"featured_media":0,"parent":0,"menu_order":0,"comment_status":"closed","ping_status":"closed","template":"","meta":{"footnotes":""},"class_list":["post-3307","page","type-page","status-publish","hentry"],"acf":[],"aioseo_notices":[],"_links":{"self":[{"href":"https:\/\/www.heidelbeach.de\/index.php?rest_route=\/wp\/v2\/pages\/3307","targetHints":{"allow":["GET"]}}],"collection":[{"href":"https:\/\/www.heidelbeach.de\/index.php?rest_route=\/wp\/v2\/pages"}],"about":[{"href":"https:\/\/www.heidelbeach.de\/index.php?rest_route=\/wp\/v2\/types\/page"}],"author":[{"embeddable":true,"href":"https:\/\/www.heidelbeach.de\/index.php?rest_route=\/wp\/v2\/users\/1"}],"replies":[{"embeddable":true,"href":"https:\/\/www.heidelbeach.de\/index.php?rest_route=%2Fwp%2Fv2%2Fcomments&post=3307"}],"version-history":[{"count":28,"href":"https:\/\/www.heidelbeach.de\/index.php?rest_route=\/wp\/v2\/pages\/3307\/revisions"}],"predecessor-version":[{"id":3642,"href":"https:\/\/www.heidelbeach.de\/index.php?rest_route=\/wp\/v2\/pages\/3307\/revisions\/3642"}],"wp:attachment":[{"href":"https:\/\/www.heidelbeach.de\/index.php?rest_route=%2Fwp%2Fv2%2Fmedia&parent=3307"}],"curies":[{"name":"wp","href":"https:\/\/api.w.org\/{rel}","templated":true}]}}